isor of 400659 and 21?
21
What is the greatest common divisor of 29 and 96135?
29
Calculate the highest common divisor of 3390 and 360.
30
Calculate the greatest common factor of 21 and 368081.
7
What is the highest common factor of 583 and 1219?
53
Calculate the highest common factor of 52 and 408681.
13
Calculate the greatest common divisor of 222309 and 153.
153
What is the highest common factor of 8215 and 3100?
155
Calculate the highest common divisor of 362 and 47.
1
Calculate the highest common divisor of 1656 and 57096.
72
What is the greatest common factor of 601406 and 26?
26
Calculate the greatest common divisor of 246885 and 654.
327
Calculate the highest common factor of 142000 and 8200.
200
Calculate the highest common factor of 3445 and 2544.
53
What is the greatest common divisor of 18 and 617697?
9
Calculate the greatest common divisor of 49781 and 222900.
743
Calculate the highest common divisor of 344355 and 605.
55
What is the greatest common factor of 539 and 388374?
49
What is the greatest common divisor of 1600 and 1024?
64
What is the highest common factor of 277716 and 12?
12
Calculate the highest common divisor of 25 and 77575.
25
Calculate the greatest common factor of 2520 and 53928.
504
Calculate the greatest common divisor of 98 and 15302.
14
What is the greatest common divisor of 1302 and 12?
6
Calculate the highest common divisor of 68 and 1970436.
68
Calculate the highest common divisor of 669792 and 336.
48
What is the highest common divisor of 117 and 949?
13
Calculate the highest common factor of 453 and 2149485.
453
What is the highest common divisor of 64 and 987328?
64
Calculate the highest common divisor of 1521376 and 128.
32
Calculate the highest common factor of 279983 and 22.
11
What is the highest common divisor of 1651 and 2678?
13
Calculate the greatest common factor of 704425 and 323.
19
Calculate the highest common divisor of 522795 and 78.
39
Calculate the greatest common factor of 24 and 131592.
24
Calculate the highest common divisor of 4958 and 62846.
134
What is the highest common divisor of 3936 and 412296?
984
What is the highest common divisor of 1139 and 15209?
67
Calculate the greatest common divisor of 15713 and 76.
19
Calculate the greatest common factor of 9216 and 46592.
512
What is the greatest common factor of 6838 and 4208?
526
Calculate the highest common divisor of 554501 and 1975.
79
Calculate the highest common factor of 319905 and 45.
45
Calculate the greatest common divisor of 31061 and 698.
349
Calculate the highest common divisor of 40 and 14440.
40
What is the highest common factor of 1803727 and 38?
19
Calculate the greatest common factor of 45485 and 55.
55
What is the greatest common divisor of 1323 and 206094?
147
What is the greatest common factor of 51205 and 1540?
385
What is the greatest common divisor of 35 and 931945?
35
Calculate the greatest common divisor of 1008 and 14728.
56
Calculate the highest common factor of 6593 and 247.
19
Calculate the highest common divisor of 1883 and 29.
1
Calculate the greatest common divisor of 13986 and 25900.
518
Calculate the highest common divisor of 80 and 67140.
20
Calculate the greatest common factor of 1728 and 11216.
16
What is the highest common divisor of 70245 and 1435?
35
Calculate the highest common divisor of 18083 and 3380.
169
Calculate the greatest common divisor of 66 and 37188.
6
What is the greatest common divisor of 815 and 815489?
163
Calculate the highest common factor of 30 and 31305.
15
Calculate the greatest common factor of 129337 and 247.
13
What is the highest common factor of 1577 and 133?
19
What is the greatest common factor of 830 and 3569?
83
Calculate the highest common factor of 319997 and 3408.
71
Calculate the greatest common factor of 12337 and 53573.
169
What is the greatest common divisor of 3084 and 1188?
12
What is the greatest common factor of 8100 and 8?
4
Calculate the highest common divisor of 298164 and 1068.
12
Calculate the greatest common factor of 26 and 169039.
13
Calculate the highest common divisor of 1119092 and 52.
52
What is the highest common divisor of 5066 and 622522?
298
Calculate the highest common factor of 40 and 17740.
20
Calculate the greatest common factor of 1235 and 1105.
65
Calculate the greatest common divisor of 116 and 3536.
4
What is the greatest common factor of 59081 and 902?
451
What is the highest common divisor of 120672 and 24?
24
What is the highest common divisor of 567 and 3131163?
189
Calculate the greatest common divisor of 204 and 261868.
68
What is the greatest common divisor of 5 and 168125?
5
What is the greatest common divisor of 112 and 49168?
112
What is the highest common divisor of 188754 and 386?
386
What is the highest common divisor of 13797 and 12501?
27
Calculate the highest common divisor of 99 and 107657.
11
What is the highest common factor of 22 and 12386?
22
What is the greatest common divisor of 3807 and 71487?
423
Calculate the greatest common divisor of 2695 and 104170.
55
Calculate the highest common factor of 91 and 10673.
13
What is the greatest common divisor of 1529 and 11954?
139
What is the greatest common divisor of 3290 and 66458?
658
What is the highest common divisor of 330 and 3480?
30
Calculate the greatest common factor of 2218087 and 1757.
251
What is the greatest common factor of 8732 and 333?
37
What is the highest common factor of 40681 and 85?
17
What is the highest common divisor of 253 and 3634?
23
Calculate the greatest common divisor of 5173 and 721.
7
What is the greatest common factor of 4464 and 110763?
279
What is the highest common factor of 3760 and 325616?
752
Calculate the greatest common divisor of 36271 and 3496.
437
Calculate the highest common divisor of 2376 and 21087.
297
What is the highest common divisor of 498 and 568882?
166
What is the highest common divisor of 790249 and 5435?
1087
Calculate the highest common divisor of 286 and 1991561.
143
Calculate the greatest common factor of 10658 and 32.
2
What is the highest common factor of 186346 and 1794?
46
What is the greatest common divisor of 684244 and 44?
44
What is the greatest common divisor of 40 and 265120?
40
Calculate the greatest common factor of 390 and 12259.
13
What is the greatest common factor of 202552 and 7448?
56
Calculate the greatest common divisor of 88740 and 85.
85
Calculate the highest common divisor of 59344 and 576.
16
Calculate the highest common divisor of 429 and 4719.
429
What is the greatest common factor of 495 and 25767?
9
What is the highest common factor of 93639 and 494?
13
Calculate the greatest common factor of 121954 and 10678.
562
Calculate the greatest common divisor of 94393 and 1573.
13
Calculate the greatest common divisor of 28065 and 20.
5
What is the highest common factor of 13889 and 459?
17
What is the greatest common factor of 88 and 2096?
8
Calculate the greatest common divisor of 1073 and 703.
37
What is the highest common factor of 3605 and 231750?
515
What is the greatest common divisor of 7097 and 10419?
151
Calculate the highest common divisor of 102820 and 485.
485
Calculate the greatest common divisor of 5755 and 981803.
1151
What is the greatest common factor of 88 and 176308?
44
Calculate the highest common factor of 33800 and 80.
40
What is the greatest common factor of 1120 and 4448?
32
Calculate the greatest common divisor of 6 and 8889.
3
What is the highest common factor of 2224 and 46843?
139
What is the highest common factor of 6154 and 1215234?
362
Calculate the greatest common divisor of 267150 and 39.
39
What is the highest common factor of 688883 and 6669?
247
What is the greatest common factor of 302412 and 84?
12
Calculate the highest common divisor of 93955 and 931.
19
Calculate the greatest common divisor of 27145 and 2670.
445
What is the greatest common factor of 9625 and 469?
7
Calculate the highest common divisor of 2052 and 22482.
18
Calculate the greatest common divisor of 35819 and 2193.
731
What is the highest common divisor of 22 and 1199066?
22
What is the greatest common divisor of 3713 and 8216?
79
What is the greatest common factor of 279270 and 58?
58
What is the greatest common factor of 927488 and 832?
64
What is the greatest common fa